41
In base 3, what is 10012201112122 - -2101?
10012201122000
In base 8, what is 1 - 121767113?
-121767112
In base 12, what is -40 + 6675a?
6671a
In base 8, what is -2 - -766760?
766756
In base 15, what is b1229 - 15?
b1214
In base 4, what is 23 + -101131102003?
-101131101320
In base 9, what is -1122165 - 7?
-1122173
In base 6, what is 1152554 + 315?
1153313
In base 3, what is 2101000101210201 - -12?
2101000101210220
In base 11, what is -5 + -72597a8?
-7259802
In base 15, what is 166d93bb - 5?
166d93b6
In base 14, what is -9c0 - 86c0?
-92a0
In base 3, what is -201212 + -10000201102?
-10001110021
In base 5, what is -20423 - 224304?
-300232
In base 10, what is 1 - -21167122?
21167123
In base 7, what is -1350103204 - 10?
-1350103214
In base 14, what is 0 - -8d62dc?
8d62dc
In base 9, what is -10687586 + 2?
-10687584
In base 12, what is 44434 + -40?
443b4
In base 13, what is 60c4 - 969?
5458
In base 5, what is -133 + -1341041?
-1341224
In base 10, what is 4 - -92786460?
92786464
In base 11, what is -4 - -475488?
475484
In base 9, what is 3 - -21141252?
21141255
In base 9, what is 1 + -2265100?
-2265088
In base 4, what is 10 + -2323003120033?
-2323003120023
In base 8, what is -117706 + 1004?
-116702
In base 6, what is 522551 - -111?
523102
In base 14, what is 274 - 1b07?
-1873
In base 4, what is 0 + -11133023001?
-11133023001
In base 16, what is -384a3 - -192b?
-36b78
In base 15, what is 5 + -3e1393a?
-3e13935
In base 5, what is 22010 - -1444?
24004
In base 11, what is -119780a - -10?
-11977aa
In base 13, what is 11 + 64069?
6407a
In base 14, what is -718b294 + -1?
-718b295
In base 7, what is 2 + -1230666?
-1230664
In base 15, what is 792 - -540?
cd2
In base 6, what is 24 - 10305014033?
-10305014005
In base 16, what is 18aa + 15bd3?
1747d
In base 5, what is 3042104 + -4044?
3033010
In base 11, what is -4 - -34a86227?
34a86223
In base 16, what is 1d6ce9 - -c?
1d6cf5
In base 3, what is 200111012 + -11011010?
112100002
In base 8, what is 7462565 + 106?
7462673
In base 8, what is 15172505 - 163?
15172322
In base 6, what is 111411004 - -32?
111411040
In base 9, what is 3 + -21687535?
-21687532
In base 10, what is 142165 + 225?
142390
In base 14, what is -32091381 - -2?
-3209137d
In base 5, what is 1210 - 44033?
-42323
In base 6, what is 11 - -135325333?
135325344
In base 8, what is -15521 + 50437?
32716
In base 6, what is -42020005 - -53?
-42015512
In base 15, what is 596046 - -4?
59604a
In base 10, what is -2379 - -19636?
17257
In base 9, what is 115056 - 435?
114521
In base 16, what is 36d535 - 3?
36d532
In base 4, what is -2 - 10303003120302?
-10303003120310
In base 2, what is 10101110001000111 - -10000010111?
10110000001011110
In base 9, what is -111 + -2252368?
-2252480
In base 12, what is -121257503 - -2?
-121257501
In base 12, what is -5067950 + -2?
-5067952
In base 12, what is -232743660 + 3?
-232743659
In base 13, what is -b581c9a + -2?
-b581c9c
In base 9, what is -101534017 - 0?
-101534017
In base 6, what is -3110255225 - -4?
-3110255221
In base 14, what is 66745 + -a?
66739
In base 14, what is -137039 - 3?
-13703c
In base 10, what is 6 + -748740?
-748734
In base 4, what is 202 + 32223310323?
32223311131
In base 12, what is 306 + 43357a?
433884
In base 16, what is -99a - 3e38a?
-3ed24
In base 2, what is -101000001111111101111100 - -11?
-101000001111111101111001
In base 7, what is -2502 - -54660?
52155
In base 2, what is 11 + 1000010001000101011010011?
1000010001000101011010110
In base 13, what is -5628 + 148?
-54b0
In base 3, what is -11101 - 2202111100022?
-2202111111200
In base 15, what is -3a8e + ee?
-3990
In base 3, what is 202 + -1121202022?
-1121201120
In base 15, what is -1cab6 - -7b8?
-1c2ed
In base 10, what is -742 - 1279198?
-1279940
In base 8, what is 45762446 - -2?
45762450
In base 10, what is -460 - 35361?
-35821
In base 15, what is -1d52 + -8e8?
-274a
In base 15, what is 31675 + 1bd?
31843
In base 8, what is 12460 - -33747?
46427
In base 7, what is -3026511405 + -4?
-3026511412
In base 8, what is 1532333 - -111?
1532444
In base 8, what is 5377125067 - 2?
5377125065
In base 4, what is -231 - -1223001030?
1223000133
In base 2, what is 1 - -11100011010111101011000?
11100011010111101011001
In base 8, what is 2 - 232160527?
-232160525
In base 2, what is 1011110 + -101110101110001001000010?
-101110101110000111100100
In base 13, what is 6256 + 4a8?
6731
In base 7, what is -222066153 - -4?
-222066146
In base 3, what is -210222221111101 + 1?
-210222221111100
In base 6, what is 3313 - 141112?
-133355
In base 9, what is 2440 + 361271?
363721
In base 4, what is -320 - 310002130311?
-310002131231
In base 4, what is -10031 + 20023333?
20013302
In base 15, what is 61c0 + 325?
64e5
In base 11, what is -22 - -12a6511?
12a649a
In base 2, what is 10001010010 + 101111100?
10111001110
In base 16, what is 10 + -4498fb?
-4498eb
In base 14, what is 48c - 1324b?
-12b9d
In base 4, what is -20202311020 - -11?
-20202311003
In base 4, what is -13022331113020 + 10?
-13022331113010
In base 3, what is -1102220 + -121011?
-2001001
In base 6, what is 12113 + 21120235?
21132352
In base 9, what is -1844 - -2023?
68
In base 6, what is -405 - -40452552?
40452143
In base 9, what is -1562330 - 143?
-1562473
In base 9, what is 53237 - -22668?
76016
In base 10, what is -2558 - 4118?
-6676
In base 9, what is 626 + 8648?
10375
In base 7, what is 10 - -126661513?
126661523
In base 14, what is a4ab - 152?
a359
In base 15, what is 52d98b + 44?
52d9d0
In base 4, what is 1102122120223 - 11?
1102122120212
In base 3, what is 11 + -1111211120101000?
-1111211120100212
In base 8, what is 73535742 - -4?
73535746
In base 11, what is 2a934091 + 2?
2a934093
In base 9, what is 4 + -561837512?
-561837507
In base 14, what is -2 + -c266505?
-c266507
In base 8, what is 44354 + 4?
44360
In base 9, what is 473123 + -43?
473070
In base 16, what is -89ac - 25f?
-8c0b
In base 7, what is -31665265 + 5?
-31665260
In base 3, what is -2121 - -22212211001?
22212201110
In base 10, what is 5 - -7014637?
7014642
In base 3, what is -12110 + -2001020220211?
-2001021010021
In base 3, what is -102210010102111 + -2?
-102210010102120
In base 12, what is 60184 - -347?
6050b
In base 10, what is 213683 + 82?
213765
In base 12, what is 14b3a71b + -5?
14b3a716
In base 10, what is 2 - 739856?
-739854
In base 5, what is 4 + 133210210?
133210214
In base 8, what is 56050 - 31?
56017
In base 10, what is -58379 + 403?
-57976
In base 4, what is -1302030300 + 3030?
-1302021210
In base 9, what is 617773 + -2?
617771
In base 13, what is -7c - 2421a?
-24299
In base 13, what is a + 47b4b1?
47b4bb
In base 3, what is -100202 - 2011200220?
-2012001122
In base 11, what is -22507 - -104?
-22403
In base 4, what is -113220 + -1300003231?
-1300123111
In base 15, what is ae4d - 7d?
adc0
In base 9, what is -382518 - 17?
-382536
In base 13, what is 6 + 1b9b2887?
1b9b2890
In base 16, what is -230f9 - -85c?
-2289d
In base 15, what is 90 - c475?
-c3d5
In base 7, what is -6102 - 102231?
-111333
In base 11, what is -985 - 3802?
-4687
In base 11, what is -229594 + -9?
-2295a2
In base 3, what is -10202202 - 1112121002?
-1200100211
In base 9, what is 61 - 123517?
-123446
In base 9, what is -18072551 + -5?
-18072556
In base 13, what is -8313 - 37?
-834a
In base 16, what is -537f - -1feb?
-3394
In base 13, what is -129 - 12ba?
-1416
In base 6, what is 3524030 - 24?
3524002
In base 14, what is -54859c + -1?
-54859d
In base 13, what is 381a + 422?
3c3c
In base 8, what is 0 + -156076360?
-156076360
In base 13, what is 2a7862 - -c7?
2a7959
In base 2, what is -110010010 + 11110011011001011010?
11110011010011001000
In base 7, what is 1 - -20400242?
20400243
In base 5, what is -1 + 1430121300?
1430121244
In base 7, what is -33 - 10330000?
-10330033
In base 9, what is 4 + -2006783?
-2006778
In base 10, what is -11546 + 70226?
58680
In base 10, what is -629 - 91141?
-91770
In base 9, what is -104187010 - -5?
-104187004
In base 12, what is -3b48854 + 93?
-3b48781
In base 12, what is -9 + -115a61?
-115a6a
In base 9, what is 14541715 + -10?
14541705
In base 13, what is 252 - -928?
b7a
In base 5, what is 104421431 - -2302?
104424233
In base 10, what is 11617322 - 3?
11617319
In base 12, what is 3134560 + -3?
3134559
In base 2, what is -10 - 1001011000000000